*o - 19 = -5*l. Suppose 4*x - 4*w - 40 = 0, -4*x + l*x + 35 = w. Is x a composite number?
True
Let k = -71 - -102. Is k composite?
False
Suppose 0 = 8*n - 6*n - 816. Suppose 4*j = -172 + n. Is j a prime number?
True
Let n = 396 - 251. Is n composite?
True
Let o = -1 + -3. Let x(c) be the third derivative of -5*c**4/24 - 5*c**3/6 + 4*c**2. Is x(o) a prime number?
False
Let j = -3 - -5. Suppose r - 66 = -2*c - 3*r, 2*r = j. Is c a composite number?
False
Suppose 0 = -4*d + 18 - 6. Let o be ((-27)/d)/(6/4). Let h(g) = 3*g**2 + 6*g + 5. Is h(o) composite?
True
Let m be (-6753)/(-9) - 4/(-6). Let r = m + -430. Suppose 128 = 2*w + g, -w - 4*w = 2*g - r. Is w a prime number?
False
Suppose 0*q + q = z - 10, 3*z + 12 = -3*q. Let d = -4 - q. Suppose -4*c = -d*c - 2*n - 23, 0 = 4*c + 3*n - 70. Is c a prime number?
True
Let j = -329 - -628. Is j composite?
True
Let r(c) = -5*c**3 + 10*c**2 + 6*c - 25. Let v(i) = i**3 - 2*i**2 - i + 5. Let z(q) = 2*r(q) + 11*v(q). Is z(5) prime?
False
Is (-6 - -3 - -2) + 5906 a composite number?
True
Let d be ((-3)/12)/(1/(-8)). Suppose -10 = -3*w - 2*x, w + d*x - 5 = 1. Suppose w*b = -0*b + 38. Is b a composite number?
False
Let x(y) = -y**3 + y**2 + y + 3. Let c be x(0). Suppose 0 = -c*f + 70 + 41. Is f a composite number?
False
Suppose 29*a - 27*a - 170 = 0. Is a a composite number?
True
Let n(t) = t + 9. Let q be n(-4). Let s(i) = 2*i**2 - 5*i + 2*i - 4*i. Is s(q) a prime number?
False
Let k(z) = 221*z**2 + 3*z - 1. Is k(1) prime?
True
Suppose t + 0*t = 0. Is t - -84 - (2 - 3) composite?
True
Suppose -5*u + 4*a + 729 = 2*a, 4*a = 4*u - 588. Is u composite?
True
Let c = 11 + -9. Suppose 0 = 3*k - c*k - 2*m - 211, -4*m = k - 211. Is k prime?
True
Let u = 2496 - 803. Is u a prime number?
True
Let h(d) be the third derivative of -d**5/20 + d**4/24 - d**3/6 - 2*d**2. Let t be h(2). Let c(b) = b**3 + 11*b**2 - 7*b + 12. Is c(t) a prime number?
True
Let d = 2 + 1. Is 48 + -2*d/6 composite?
False
Let l(f) = 39*f - 19. Is l(8) a prime number?
True
Let j(l) = 3*l**3 + 2*l**2 - l + 1. Is j(3) a composite number?
False
Suppose 3*h = 15, 276 = 4*l - 4*h - 572. Is l a composite number?
True
Let z(b) = b + 4. Let p be z(-3). Let i(j) = 2 + 3*j**3 - p - 22*j**3 + j. Is i(-1) a composite number?
False
Let u(a) = -a**2 - 2*a - 2. Let x be u(-4). Is ((-932)/x)/((-32)/(-80)) a composite number?
False
Suppose 3*c = -0*c. Suppose -g + 5*x - 80 = -2*g, c = g - 3*x - 56. Is g a composite number?
True
Let o(n) = -4*n**2 + 12*n. Let s(v) be the second derivative of 7*v**4/12 - 23*v**3/6 + 2*v. Let z(j) = -5*o(j) - 3*s(j). Is z(7) a prime number?
False
Suppose -5 = -0*u - u. Let i(s) = s**3 - 4*s**2 - 6*s - 3. Let w be i(u). Let v = w + 27. Is v composite?
False
Suppose 2*t - 4*s - 8847 = -t, 5*t + 4*s - 14777 = 0. Is t composite?
False
Suppose 4*j - 5*u = 21, 0 = -4*j - u + 3*u + 6. Let t(k) = 13*k**3 - k**2 - k - 1. Let z be t(j). Is z/1*5/(-2) composite?
True
Is (-2)/2 - (12 - 64) prime?
False
Let f = -839 + 1302. Is f a prime number?
True
Suppose 2*d + z = 84, 210 = 5*d - 0*d + 2*z. Let w = -21 + d. Is w a prime number?
False
Suppose 5*g - 4*w - w - 465 = 0, 4*g - 396 = -2*w. Is g a composite number?
False
Suppose y - 8 = -y. Suppose -2*a - 2*o + 0 = 6, y*o = -a - 9. Is 1/3*(-1257)/a composite?
False
Let m be (194 + (1 - -1))/1. Suppose -142 = 2*i + 4*u, -4*u = -i - 0*i - 101. Let v = m + i. Is v prime?
False
Let k = 710 + -417. Is k prime?
True
Let a(b) = 6*b**3 - 5*b**3 + 5*b**2 + 0*b**3 + 3*b - 1. Let s be a(-4). Suppose -4*y + 53 = -s*y. Is y composite?
False
Let p be 15/(-1*(-3)/(-39)). Let h = p + 386. Is h composite?
False
Let t(v) = v**3 + v**2 - v + 4. Let y be t(0). Suppose -4*o + 2*o = -2*j - 18, -3*o - y*j + 6 = 0. Is o composite?
True
Let z(m) be the second derivative of -47*m**3/6 + 13*m**2/2 + 4*m. Is z(-6) prime?
False
Suppose -145 = -2*q + 181. Is q prime?
True
Let t(m) = m**2 - 6*m - 6. Let r be t(9). Suppose 4*h - r = h. Is h a composite number?
False
Let u be 4/14 - 298/14. Let l = u - -36. Is l prime?
False
Let s be 2*1*9/(-6). Is (-3)/(-2)*(s - -5) composite?
False
Let q be -3*(-2)/12*0. Suppose 2 + q = -r. Let c(o) = 20*o**2 + 3*o + 3. Is c(r) prime?
False
Is -1*(-3)/(-1) - (7 + -573) a composite number?
False
Suppose z - 2190 = 3295. Is z a composite number?
True
Suppose 2*g = g + 4. Suppose g*b = 37 + 75. Is b - 2*-1 - -1 a composite number?
False
Let v(y) = -6*y**3 + 6*y**2 - 1. Is v(-4) prime?
True
Let r = 318 + -139. Is r prime?
True
Suppose 0*k + 3 = 3*k, -4*d - k + 1 = 0. Let i be (-1 + d)*12/(-6). Suppose i*c - 36 - 2 = 0. Is c a composite number?
False
Suppose -259 - 751 = -2*s. Is s prime?
False
Let a(d) = -d**3 - 9*d**2 + 8*d - 7. Is a(-10) a prime number?
True
Let a(r) = r**3 - 5*r**2 - 2*r - 2. Let d be a(4). Suppose 2*y + 4*o - 2 = 6, o = 3*y - 5. Is ((-9)/y + 1)*d a composite number?
True
Let y = 98 - -34. Let d be -3 - -5 - (-24 + -1). Let w = y + d. Is w a prime number?
False
Let y(l) = l + 5. Let o be y(-5). Suppose 3*m + m - 508 = o. Is m composite?
False
Let w = 1 - 1. Suppose -5*v = -w*v + a - 180, 2*v + 2*a - 64 = 0. Is v a prime number?
True
Let y = -927 + 1610. Is y composite?
False
Let c = -4 + 10. Let u = c + -5. Let h(q) = 66*q + 1. Is h(u) a prime number?
True
Let f be (4 - 3) + 2 + -1. Suppose -f*l = -24 + 2. Is l a composite number?
False
Let r = -3 - -1. Is r*1*(-148)/8 composite?
False
Suppose -a = -5*a + 1172. Is a a composite number?
False
Let s = 885 - 580. Is s a prime number?
False
Let l be 123/(3/(2 - -1)). Suppose 2*r - l = 11. Is r a prime number?
True
Suppose -5*t = -3*t + 72. Let k = t - -89. Is k a composite number?
False
Let p be (-4)/18 + (-87)/(-27). Let w be 7/3 + (-1)/p. Suppose -w*b + 28 = -24. Is b a composite number?
True
Suppose 2*r = q - 0*q + 10, 5*r - 25 = -2*q. Suppose 4*c - 2*t - 285 = 241, -5*c - 5*t + 650 = q. Is c composite?
False
Suppose -7*p - v = -3*p - 12991, -3*p + 9726 = -5*v. Is p a prime number?
False
Let a(c) = 17*c - 7. Let w be a(6). Let q = 10 + -13. Is q*(-1)/3*w prime?
False
Suppose 2*p = -3*p + 535. Suppose p = 3*r - 286. Is r a composite number?
False
Suppose -h = h - 3*w + 2, -2*h + 5*w = -2. Let t be (-8)/(-6)*6/h. Is 221*(3 + t) - -2 prime?
True
Let h(p) = -5 - 8*p + p**3 - p**3 - p**3 - p**2. Is h(-6) composite?
False
Let i(n) = 2*n**2 + 4*n - 1. Let b = 0 + 4. Is i(b) prime?
True
Let o(i) = 4*i**2 + 2*i - 3. Let b be o(2). Suppose 0 = 4*m - 237 + b. Is m a prime number?
False
Let j(q) = q**2 - 6*q - 3. Is j(10) composite?
False
Is 8/16 + (-450)/(-4) composite?
False
Suppose 0 = -5*r - 5*d + 326 + 114, -4*d = -2*r + 176. Let y = r + -53. Is y a prime number?
False
Suppose -b = 3*b - 16. Suppose 0 = -b*t + 619 - 111. Is t composite?
False
Let a(n) = -n**3 - 3*n**2 - 3*n - 1. Let x = 5 - 7. Let j be a(x). Let u = 10 + j. Is u composite?
False
Suppose 5*h - 211 - 504 = 0. Is h a composite number?
True
Suppose -4*j + m = 0, -2*j + 7*j = m. Let n = 40 + -7. Suppose -d + j*d = -n. Is d composite?
True
Let h(x) = 114*x**2 - 2*x + 1. Is h(1) composite?
False
Let v(k) = -k**3 - k**2 + 2*k + 2. Let b be v(-2). Suppose r + 113 = b*r. Is r a prime number?
True
Let n(o) = -2*o + 4. Let f be n(5). Suppose 3*k = 63 + 39. Is k + f/(-4)*-2 prime?
True
Suppose 0*x + x = 5. Suppose 0*h + 3*h + 8 = 4*d, -3*d - x = -5*h. Suppose -5*v + h*v = -37. Is v a prime number?
True
Suppose 4*y = -y + 40. Let k(x) be the second derivative of x**5/20 - x**4/3 - x**3 + 3*x**2/2 - 16*x. Is k(y) composite?
False
Let k = 33 + -21. Suppose 4*j = k - 4. Suppose -3*r - 456 = -3*c - 39, j*c - 266 = 5*r. Is c a prime number?
False
Let m(j) = 8*j**3 - 5*j**2 + 7*j - 9. Is m(4) composite?
True
Let r(s) = -2*s - 10. Suppose -3*z + 7 = -5*d - 68, 14 = -2*d - 2*z. Is r(d) composite?
True
Suppose -12 = b + 5*k, b + b + k = 3. Suppose 2*y - b*t - 2*t - 571 = 0, -4*y - t = -1197. Suppose -3*u = -u - y. Is u composite?
False
Suppose -l + 50 + 113 = 0. Is l prime?
True
Suppose -2*c + 214 = -100. Is c a prime number?
True
Suppose 3*v + 2730 = 3*o, -6*o + o - 5*v = -4520. Is o a prime number?
True
Suppose 15598 = 4*y + l, 4 - 12 = -4*l. Is y a prime number?
False
Let i(r) = -r**3 - 4*r**2 - 4*r. Let d be i(-3). Suppose d*u - 537 = -168. Is u composite?
True
Let x be (-1)/((-21)/(-18) + -1